{"id":30117,"date":"2019-06-11T20:37:56","date_gmt":"2019-06-11T20:37:56","guid":{"rendered":"https:\/\/www.tropicalcubanholiday.com\/listings\/bicicletas-electricas-en-alquiler\/"},"modified":"2020-01-14T20:20:27","modified_gmt":"2020-01-14T20:20:27","slug":"rentas-de-bicicletas-electricas","status":"publish","type":"job_listing","link":"https:\/\/www.tropicalcubanholiday.com\/es\/listings\/rentas-de-bicicletas-electricas\/","title":{"rendered":"Rentas de Bicicletas El\u00e9ctricas"},"content":{"rendered":"<p>Disfruta bajo el sol caribe\u00f1o el paseo con las Rentas de Bicicletas El\u00e9ctricas. Pasee por la atracciones m\u00e1s famosa de La Habana, conoce el barrio historico de la Habana Vieja, visite la catedral de La Habana, tome un mojito en La Bodeguita del Medio y explora cada detalle que le brinda esta nueva aventura en Cuba.<\/p>\n<p>Estas bicicletas el\u00e9ctricas\u00a0 es un dise\u00f1o de Armony Firenze con bater\u00eda de litio asistida por pedaleo. Esta bici de 26&#8243; tiene un moderno motor el\u00e9ctrico de 250 vatios, que mantiene la marcha suave sin importar lo dif\u00edcil que sea jugar. La duraci\u00f3n de la bater\u00eda de hasta 50 kil\u00f3metros y un dise\u00f1o que permite una excursi\u00f3n agradable con comodidad, es por esto que solo requiere aproximadamente 6 horas para cargarse completamente. Tambien tiene frenos de aluminio con 6 velocidades del farbicante japon\u00e9s Shimano.<\/p>\n<p>La bicicleta el\u00e9ctrica combina una tracci\u00f3n mec\u00e1nica y el\u00e9ctrica que facilita el viaje, al tiempo que minimiza el esfuerzo en el proceso.<\/p>\n<p>Precio:<br \/>\nConsigue los mejores precios. Cuanto m\u00e1s tiempo alquile una bicicleta el\u00e9ctrica, m\u00e1s barata ser\u00e1 la tarifa diaria.<br \/>\n<strong>&#8211; 1 d\u00eda 17 \u20ac \/\u00a0De 2 d\u00edas a 5 d\u00edas 16 \u20ac diarios \/ M\u00e1s de 6 d\u00edas 15 \u20ac diarios.<\/strong><\/p>\n<p>Depositar:<br \/>\nAdem\u00e1s, debe dejar un dep\u00f3sito reembolsable de 50 \u20ac, que debe pagarse el d\u00eda de la recogida.<\/p>\n<div class=\"sharedaddy sd-sharing-enabled\"><div class=\"robots-nocontent sd-block sd-social sd-social-icon sd-sharing\"><div class=\"sd-content\"><ul><li class=\"share-facebook\"><a rel=\"nofollow noopener noreferrer\" data-shared=\"sharing-facebook-30117\" class=\"share-facebook sd-button share-icon no-text\" href=\"https:\/\/www.tropicalcubanholiday.com\/es\/listings\/rentas-de-bicicletas-electricas\/?share=facebook\" target=\"_blank\" title=\"Click to share on Facebook\" ><span><\/span><span class=\"sharing-screen-reader-text\">Click to share on Facebook (Opens in new window)<\/span><\/a><\/li><li class=\"share-twitter\"><a rel=\"nofollow noopener noreferrer\" data-shared=\"sharing-twitter-30117\" class=\"share-twitter sd-button share-icon no-text\" href=\"https:\/\/www.tropicalcubanholiday.com\/es\/listings\/rentas-de-bicicletas-electricas\/?share=twitter\" target=\"_blank\" title=\"Click to share on Twitter\" ><span><\/span><span class=\"sharing-screen-reader-text\">Click to share on Twitter (Opens in new window)<\/span><\/a><\/li><li class=\"share-pinterest\"><a rel=\"nofollow noopener noreferrer\" data-shared=\"sharing-pinterest-30117\" class=\"share-pinterest sd-button share-icon no-text\" href=\"https:\/\/www.tropicalcubanholiday.com\/es\/listings\/rentas-de-bicicletas-electricas\/?share=pinterest\" target=\"_blank\" title=\"Click to share on Pinterest\" ><span><\/span><span class=\"sharing-screen-reader-text\">Click to share on Pinterest (Opens in new window)<\/span><\/a><\/li><li class=\"share-jetpack-whatsapp\"><a rel=\"nofollow noopener noreferrer\" data-shared=\"\" class=\"share-jetpack-whatsapp sd-button share-icon no-text\" href=\"https:\/\/www.tropicalcubanholiday.com\/es\/listings\/rentas-de-bicicletas-electricas\/?share=jetpack-whatsapp\" target=\"_blank\" title=\"Click to share on WhatsApp\" ><span><\/span><span class=\"sharing-screen-reader-text\">Click to share on WhatsApp (Opens in new window)<\/span><\/a><\/li><li class=\"share-reddit\"><a rel=\"nofollow noopener noreferrer\" data-shared=\"\" class=\"share-reddit sd-button share-icon no-text\" href=\"https:\/\/www.tropicalcubanholiday.com\/es\/listings\/rentas-de-bicicletas-electricas\/?share=reddit\" target=\"_blank\" title=\"Click to share on Reddit\" ><span><\/span><span class=\"sharing-screen-reader-text\">Click to share on Reddit (Opens in new window)<\/span><\/a><\/li><li class=\"share-tumblr\"><a rel=\"nofollow noopener noreferrer\" data-shared=\"\" class=\"share-tumblr sd-button share-icon no-text\" href=\"https:\/\/www.tropicalcubanholiday.com\/es\/listings\/rentas-de-bicicletas-electricas\/?share=tumblr\" target=\"_blank\" title=\"Click to share on Tumblr\" ><span><\/span><span class=\"sharing-screen-reader-text\">Click to share on Tumblr (Opens in new window)<\/span><\/a><\/li><li class=\"share-custom share-custom-mail\"><a rel=\"nofollow noopener noreferrer\" data-shared=\"\" class=\"share-custom share-custom-mail sd-button share-icon no-text\" href=\"https:\/\/www.tropicalcubanholiday.com\/es\/listings\/rentas-de-bicicletas-electricas\/?share=custom-1559669851\" target=\"_blank\" title=\"Click to share on Mail\" ><span style=\"background-image:url(&quot;https:\/\/www.tropicalcubanholiday.com\/wp-content\/uploads\/2019\/06\/mail-by-tropicalcubanholida.com_.png&quot;);\"><\/span><span class=\"sharing-screen-reader-text\">Click to share on Mail (Opens in new window)<\/span><\/a><\/li><li class=\"share-end\"><\/li><\/ul><\/div><\/div><\/div>","protected":false},"featured_media":30004,"comment_status":"open","ping_status":"closed","template":"","meta":{"inline_featured_image":false,"jetpack_post_was_ever_published":false,"_company_tagline":"la mejor opci\u00f3n para explorar la verdadera belleza de Cuba","_job_location":"Havana, Cuba","_filled":0,"_featured":1,"jetpack_publicize_message":"","jetpack_is_tweetstorm":false,"jetpack_publicize_feature_enabled":true,"jetpack_social_options":[]},"job_listing_region":[286],"job-categories":[579],"job-types":[],"jetpack_publicize_connections":[],"jetpack_sharing_enabled":true,"jetpack_likes_enabled":true,"_links":{"self":[{"href":"https:\/\/www.tropicalcubanholiday.com\/es\/wp-json\/wp\/v2\/job-listings\/30117"}],"collection":[{"href":"https:\/\/www.tropicalcubanholiday.com\/es\/wp-json\/wp\/v2\/job-listings"}],"about":[{"href":"https:\/\/www.tropicalcubanholiday.com\/es\/wp-json\/wp\/v2\/types\/job_listing"}],"replies":[{"embeddable":true,"href":"https:\/\/www.tropicalcubanholiday.com\/es\/wp-json\/wp\/v2\/comments?post=30117"}],"version-history":[{"count":6,"href":"https:\/\/www.tropicalcubanholiday.com\/es\/wp-json\/wp\/v2\/job-listings\/30117\/revisions"}],"predecessor-version":[{"id":33834,"href":"https:\/\/www.tropicalcubanholiday.com\/es\/wp-json\/wp\/v2\/job-listings\/30117\/revisions\/33834"}],"wp:featuredmedia":[{"embeddable":true,"href":"https:\/\/www.tropicalcubanholiday.com\/es\/wp-json\/wp\/v2\/media\/30004"}],"wp:attachment":[{"href":"https:\/\/www.tropicalcubanholiday.com\/es\/wp-json\/wp\/v2\/media?parent=30117"}],"wp:term":[{"taxonomy":"job_listing_region","embeddable":true,"href":"https:\/\/www.tropicalcubanholiday.com\/es\/wp-json\/wp\/v2\/job_listing_region?post=30117"},{"taxonomy":"job_listing_category","embeddable":true,"href":"https:\/\/www.tropicalcubanholiday.com\/es\/wp-json\/wp\/v2\/job-categories?post=30117"},{"taxonomy":"job_listing_type","embeddable":true,"href":"https:\/\/www.tropicalcubanholiday.com\/es\/wp-json\/wp\/v2\/job-types?post=30117"}],"curies":[{"name":"wp","href":"https:\/\/api.w.org\/{rel}","templated":true}]}}

Rentas de Bicicletas Eléctricas

<p>Disfruta bajo el sol caribeño el paseo con las Rentas de Bicicletas Eléctricas. Pasee por la atracciones más famosa de La Habana, conoce el barrio historico de la Habana Vieja, visite la catedral de La Habana, tome un mojito en La Bodeguita del Medio y explora cada detalle que le brinda esta nueva aventura en Cuba.</p>
<p>Estas bicicletas eléctricas  es un diseño de Armony Firenze con batería de litio asistida por pedaleo. Esta bici de 26&#8243; tiene un moderno motor eléctrico de 250 vatios, que mantiene la marcha suave sin importar lo difícil que sea jugar. La duración de la batería de hasta 50 kilómetros y un diseño que permite una excursión agradable con comodidad, es por esto que solo requiere aproximadamente 6 horas para cargarse completamente. Tambien tiene frenos de aluminio con 6 velocidades del farbicante japonés Shimano.</p>
<p>La bicicleta eléctrica combina una tracción mecánica y eléctrica que facilita el viaje, al tiempo que minimiza el esfuerzo en el proceso.</p>
<p>Precio:<br />
Consigue los mejores precios. Cuanto más tiempo alquile una bicicleta eléctrica, más barata será la tarifa diaria.<br />
<strong>&#8211; 1 día 17 € / De 2 días a 5 días 16 € diarios / Más de 6 días 15 € diarios.</strong></p>
<p>Depositar:<br />
Además, debe dejar un depósito reembolsable de 50 €, que debe pagarse el día de la recogida.</p>
<div class="sharedaddy sd-sharing-enabled"><div class="robots-nocontent sd-block sd-social sd-social-icon sd-sharing"><div class="sd-content"><ul><li class="share-facebook"><a rel="nofollow noopener noreferrer" data-shared="sharing-facebook-30117" class="share-facebook sd-button share-icon no-text" href="https://www.tropicalcubanholiday.com/es/listings/rentas-de-bicicletas-electricas/?share=facebook" target="_blank" title="Click to share on Facebook" ><span></span><span class="sharing-screen-reader-text">Click to share on Facebook (Opens in new window)</span></a></li><li class="share-twitter"><a rel="nofollow noopener noreferrer" data-shared="sharing-twitter-30117" class="share-twitter sd-button share-icon no-text" href="https://www.tropicalcubanholiday.com/es/listings/rentas-de-bicicletas-electricas/?share=twitter" target="_blank" title="Click to share on Twitter" ><span></span><span class="sharing-screen-reader-text">Click to share on Twitter (Opens in new window)</span></a></li><li class="share-pinterest"><a rel="nofollow noopener noreferrer" data-shared="sharing-pinterest-30117" class="share-pinterest sd-button share-icon no-text" href="https://www.tropicalcubanholiday.com/es/listings/rentas-de-bicicletas-electricas/?share=pinterest" target="_blank" title="Click to share on Pinterest" ><span></span><span class="sharing-screen-reader-text">Click to share on Pinterest (Opens in new window)</span></a></li><li class="share-jetpack-whatsapp"><a rel="nofollow noopener noreferrer" data-shared="" class="share-jetpack-whatsapp sd-button share-icon no-text" href="https://www.tropicalcubanholiday.com/es/listings/rentas-de-bicicletas-electricas/?share=jetpack-whatsapp" target="_blank" title="Click to share on WhatsApp" ><span></span><span class="sharing-screen-reader-text">Click to share on WhatsApp (Opens in new window)</span></a></li><li class="share-reddit"><a rel="nofollow noopener noreferrer" data-shared="" class="share-reddit sd-button share-icon no-text" href="https://www.tropicalcubanholiday.com/es/listings/rentas-de-bicicletas-electricas/?share=reddit" target="_blank" title="Click to share on Reddit" ><span></span><span class="sharing-screen-reader-text">Click to share on Reddit (Opens in new window)</span></a></li><li class="share-tumblr"><a rel="nofollow noopener noreferrer" data-shared="" class="share-tumblr sd-button share-icon no-text" href="https://www.tropicalcubanholiday.com/es/listings/rentas-de-bicicletas-electricas/?share=tumblr" target="_blank" title="Click to share on Tumblr" ><span></span><span class="sharing-screen-reader-text">Click to share on Tumblr (Opens in new window)</span></a></li><li class="share-custom share-custom-mail"><a rel="nofollow noopener noreferrer" data-shared="" class="share-custom share-custom-mail sd-button share-icon no-text" href="https://www.tropicalcubanholiday.com/es/listings/rentas-de-bicicletas-electricas/?share=custom-1559669851" target="_blank" title="Click to share on Mail" ><span style="background-image:url(&quot;https://www.tropicalcubanholiday.com/wp-content/uploads/2019/06/mail-by-tropicalcubanholida.com_.png&quot;);"></span><span class="sharing-screen-reader-text">Click to share on Mail (Opens in new window)</span></a></li><li class="share-end"></li></ul></div></div></div>

la mejor opción para explorar la verdadera belleza de Cuba
